 is divided by 15?
13
Suppose -12 = -2*h - h. Suppose 4*x = 2*x + h*p + 46, 3*p = -2*x + 53. Calculate the remainder when x is divided by 14.
11
Suppose -8*i + 6*i + 4 = 0. Let x(a) = 18*a - 7. What is the remainder when x(i) is divided by 15?
14
Suppose 5 = 3*c - 1. Let w(k) = -k + k**3 + 5*k**2 - 5*k - 3 + 0*k**c + 4*k**2. What is the remainder when w(-9) is divided by 13?
12
Suppose 4*s - 28 + 104 = 0. Let y = s + 32. Calculate the remainder when y is divided by 4.
1
Let o = 16 + 13. What is the remainder when 55 is divided by o?
26
What is the remainder when 5/((-15)/46)*-6 is divided by 19?
16
Let k = -1 + 1. Let f be (5 + k + -1)/2. Suppose -1 = -f*g + 3. What is the remainder when 4 is divided by g?
0
Suppose -v + 22 = 2*k, -k - 5*v + 16 = -7*v. Calculate the remainder when 59 is divided by k.
11
Suppose 3*q - 7 = 23. Suppose 8*l = 3*l + 2*t + 10, 0 = 4*t. Suppose l*v + 30 - q = a, -4*a = v - 62. What is the remainder when a is divided by 6?
4
Suppose 4*n = 4 + 4. Suppose 0 = 4*z - 0 - 4. Calculate the remainder when (1 - n)*(-2 + 1) is divided by z.
0
Let b(y) = y**3 + 11*y**2 - 23*y. Suppose -2*w + 0*t = 3*t - 72, -4*t - 104 = -4*w. Calculate the remainder when b(3) is divided by w.
27
Let w = 5 + -3. Suppose w*a = 12 + 58. Calculate the remainder when a is divided by 9.
8
Suppose 0 = 12*i - 16*i + 44. What is the remainder when i is divided by 11?
0
Let x be (3/2)/((-15)/20). Let g = x - -4. Suppose 0*f = g*f - 38. Calculate the remainder when 56 is divided by f.
18
Suppose -s - 36 = -4*s. Suppose -33 = -c - a, 2*a + a + 146 = 4*c. Calculate the remainder when c is divided by s.
11
Suppose -8*p = -3*g - 4*p + 109, 119 = 3*g + p. Calculate the remainder when g is divided by (-115)/(-10) + (-6)/4.
9
Suppose -3*p - 6 = 0, -3*a - 4*p = -10 + 3. Suppose -5*y = a*m + 5, -3*y = -4*m - y + 20. Suppose 5*g - m = 2*g. Calculate the remainder when g is divided by 1.
0
Let q(f) = -5 - 3 + 3 - 7*f**2 + f**3 - 2*f. Let z be q(7). Let g = -11 - z. Calculate the remainder when 23 is divided by g.
7
Let z(i) = i**2 + 3*i. Suppose 0 = 2*h - 5*x - 38, -x + 62 = 5*h + 3*x. Calculate the remainder when z(-8) is divided by h.
12
Let h(c) = c**3 - 6*c**2 + c + 7. Let m be h(6). Let n = 57 - 36. Let f = n - m. What is the remainder when 15 is divided by f?
7
What is the remainder when 39 is divided by (-4)/(32/28)*-4?
11
Let k(x) = -11*x**2 - x - 11. Let c(z) = 4*z**2 + 4. Let o(v) = -8*c(v) - 3*k(v). What is the remainder when 17 is divided by o(-4)?
2
Let z = 95 + -53. Suppose -3*b - 57 = -6*b. Calculate the remainder when (z/(-9))/(2/(-24)) is divided by b.
18
Suppose 0 = -i + 5*h - 14, -4*i - 8 = -5*h - 27. Calculate the remainder when 42 is divided by i.
9
Let z(u) = u**3 + 5*u**2 - 2*u + 5. Let c be (-2 - (-42)/8)*-4. Let f = c + 21. What is the remainder when z(-5) is divided by f?
7
Suppose 5*u = 4*x - 96, 3*x - 37 = 2*x - 2*u. Calculate the remainder when 115 is divided by x.
28
Let k(q) = 9*q + 4. Let c(p) = -14*p - 39. What is the remainder when k(5) is divided by c(-4)?
15
Suppose -2 = -z + 19. What is the remainder when 100 is divided by z?
16
Let q = -19 - -26. Calculate the remainder when q is divided by 6.
1
Suppose -90 + 32 = -2*l + 2*c, 0 = -3*c + 12. What is the remainder when 163 is divided by l?
31
Let t(a) = a**2 + 11*a + 6. Calculate the remainder when t(-12) is divided by 10.
8
Calculate the remainder when ((3 - -103)/(-2))/(-1) is divided by 9.
8
Suppose -15 = -5*j + 165. What is the remainder when j is divided by 13?
10
Suppose q + 0*q = 19. Calculate the remainder when 36 is divided by q.
17
Suppose -v = -2 - 0. Suppose -v*m = -4*m + 20. Suppose -3*j - t = -7, -t + 2*t - 3 = -2*j. What is the remainder when m is divided by j?
2
Suppose -i + 5*k + 3 - 1 = 0, -4*k = 2*i - 4. What is the remainder when i + (-2 + 5)*1 is divided by 4?
1
Let g(k) = 4*k**2 - 2. Let h(b) = -4*b**2 + 2. Let n(c) = -4*g(c) - 5*h(c). What is the remainder when n(2) is divided by 5?
4
Let h(z) = z**2 + 2 + 6 + 8*z + 0*z - 3*z. What is the remainder when h(-6) is divided by 4?
2
Let p(s) = 5*s - 1. Let u = -4 - -6. Suppose -2*z + 26 = -z. Calculate the remainder when z is divided by p(u).
8
Let u = 6 - 5. Suppose -x + 5*n = 2*x - 41, -3*x - n + 17 = 0. Calculate the remainder when u/(2/2) + 18 is divided by x.
5
Suppose 0 = a - 0*a. Suppose 3*b = -a*b + 15. Suppose b*x - 9 = 11. Calculate the remainder when 10 is divided by x.
2
Let b = -4 - -7. Suppose 2*h - 5*k = 17, -b*h - h + k + 79 = 0. What is the remainder when 555/9 - 4/6 is divided by h?
19
Suppose 5*b = 4*m - 3 + 65, 2*m = -6. What is the remainder when 17 is divided by b?
7
Let z be -2*(1 - 9/(-6)). Let j be 10/z*(-10)/4. Let l(t) = -t**2 + 7*t + 1. What is the remainder when l(j) is divided by 3?
2
Let l(h) = -5*h - 1. Let n(j) = j**3 + 2*j**2 - 8*j + 3. What is the remainder when l(-3) is divided by n(-4)?
2
Suppose 9*n = 4*n + 95. Let o(b) = 5*b**2 - 1. What is the remainder when n/3 + (-4)/(-6) is divided by o(1)?
3
Calculate the remainder when 11 is divided by (-8)/10 - (-39)/5.
4
Suppose 7 + 35 = 6*n. Let y(q) = -q**3 + q**2 + q + 26. Calculate the remainder when y(0) is divided by n.
5
Suppose -3*a = -3*s - 39, 0 = 5*a + 4*s - s - 81. Calculate the remainder when (-2 - -31)/((-1)/(-1)) is divided by a.
14
Let g = 12 - 10. Calculate the remainder when 6 is divided by g.
0
Let y = 27 + -10. What is the remainder when 99 is divided by y?
14
Suppose -3*p = -10 + 1. Suppose 8 = -2*k, -4*f + k = -p*k - 56. Calculate the remainder when 27 is divided by f.
7
Calculate the remainder when 23 is divided by 1 - -3 - (4 - 8).
7
Let o(n) = 2*n + 2. What is the remainder when ((-188)/(-8))/((-1)/(-2)) is divided by o(5)?
11
Suppose -m = -5*c + 56, -3*c + 6*c + 5*m - 28 = 0. What is the remainder when 53 is divided by 588/33 - (-2)/c?
17
Let x(y) = -y**3 + 10*y**2 + 2*y - 9. What is the remainder when 40 is divided by x(10)?
7
Let a(f) = 5*f**2. Let z be a(2). Calculate the remainder when -1*(-1 - 2 - z) is divided by 13.
10
Let a(x) = x**2 + 4*x + 8. Suppose -1 + 5 = 4*k. Let j be (-3 + k)*21/6. What is the remainder when a(j) is divided by 10?
9
Let f = 9 - 2. What is the remainder when 116/6 - 10/(-15) is divided by f?
6
Let i = 24 - -6. Let u be 3/12 + (-21)/(-12). Suppose u*x = -3*x + 80. Calculate the remainder when i is divided by x.
14
Let k = -4 - -6. Let a(i) = -i**3 + 6*i**2 - 4*i + 3. What is the remainder when 31 is divided by a(k)?
9
Suppose -5*s = -s. Suppose 4*t + t - 25 = s. Suppose 9*j = 8*j + 9. What is the remainder when j is divided by t?
4
What is the remainder when 3 - 6 - (-104 + 4) - -1 is divided by 25?
23
Suppose 0 = 5*s + 9 + 11. Calculate the remainder when s/(-10) - 126/(-10) is divided by 5.
3
Let b(o) = 2*o**3 - o**2 - o - 2. Let t be b(3). Suppose -60 - t = -5*n. Calculate the remainder when 59 is divided by n.
19
Let q be (3/(-2))/((-3)/6). Suppose 3*x - 75 = -q*a, -2*a - 3*x + 4*x + 38 = 0. What is the remainder when 40 is divided by a?
19
Suppose -2*t + 28 = 4*m, -m + 3*t = 4*m - 13. Suppose 20 = 5*j - m*y, -y - 8 = j - 5*y. Calculate the remainder when 0 + 0 + (-70)/(-5) is divided by j.
6
Let n = -2 - -1. Let m = 28 - n. What is the remainder when m is divided by -1 + -1 - -4*3?
9
Suppose 0*t + t = 9. Let o be (4/3)/((-6)/t). What is the remainder when 2 is divided by 9/6 + (-1)/o?
0
Suppose -z = z - q + 130, -2*z + 4*q - 124 = 0. Let k = 129 + z. What is the remainder when k is divided by 16?
15
Suppose -2*n + 2*j = 4*j - 194, 0 = -2*j - 6. What is the remainder when n is divided by 26?
22
Let s(w) = -w**3 + 5*w**2 + 1. Let j = -7 - -3. Let l = 6 + j. Calculate the remainder when l is divided by s(5).
0
Suppose 5*u + 3*j = -27, 0*j - 23 = 5*u + 2*j. What is the remainder when 26 is divided by 10 + (-4 - (u + 2))?
5
What is the remainder when 1 - -2 - (2 + 0 + -13) is divided by (5 - 4)/(1/8)?
6
Suppose -2*y + 22 - 72 = -5*r, -3*r + 30 = -y. What is the remainder when 39 is divided by r?
9
Let l(x) = -x**3 + 8*x**2 - 3*x - 12. Let d = 17 + -8. Calculate the remainder when l(6) is divided by d.
6
Let m(n) = n**3 + 7*n**2 + 4*n - 2. Calculate the remainder when m(-4) is divided by 8.
6
Calculate the remainder when (518/(-4))/7*(-5 - 1) is divided by 19.
16
Suppose 0 